isor of 39 and 4.
1
Calculate the highest common factor of 14 and 35.
7
What is the greatest common divisor of 148 and 22?
2
What is the highest common divisor of 544 and 76?
4
Calculate the greatest common factor of 5566 and 92.
46
Calculate the highest common divisor of 564 and 12.
12
What is the greatest common factor of 23111 and 22?
11
What is the greatest common divisor of 140 and 260?
20
What is the highest common factor of 4797 and 117?
117
Calculate the highest common divisor of 41 and 17138.
41
What is the greatest common factor of 9129 and 255?
51
What is the highest common factor of 17776 and 176?
176
What is the highest common divisor of 8 and 32?
8
Calculate the highest common factor of 30 and 3010.
10
What is the highest common factor of 912 and 57?
57
Calculate the greatest common factor of 136 and 552.
8
What is the greatest common factor of 7 and 1071?
7
Calculate the greatest common factor of 42 and 28.
14
What is the greatest common factor of 48 and 1520?
16
Calculate the highest common factor of 63 and 189.
63
What is the highest common factor of 119 and 10710?
119
Calculate the highest common divisor of 47610 and 460.
230
What is the greatest common divisor of 48 and 54?
6
Calculate the highest common factor of 5 and 295.
5
Calculate the highest common factor of 322 and 1150.
46
Calculate the greatest common divisor of 35 and 3815.
35
Calculate the highest common divisor of 3980 and 100.
20
What is the greatest common factor of 875 and 10?
5
What is the highest common divisor of 115 and 184?
23
Calculate the highest common divisor of 8624 and 132.
44
What is the highest common factor of 11092 and 376?
188
Calculate the greatest common factor of 5 and 65.
5
Calculate the highest common divisor of 1025 and 8815.
205
Calculate the highest common factor of 2250 and 200.
50
Calculate the greatest common divisor of 912 and 57.
57
What is the highest common factor of 5275 and 25?
25
What is the greatest common factor of 247 and 95?
19
Calculate the greatest common factor of 82 and 3444.
82
What is the greatest common divisor of 202 and 404?
202
Calculate the highest common factor of 35559 and 81.
81
Calculate the highest common factor of 62200 and 200.
200
What is the highest common divisor of 256 and 928?
32
Calculate the highest common factor of 1976 and 416.
104
What is the highest common factor of 236 and 14809?
59
Calculate the highest common divisor of 76 and 22933.
19
What is the highest common divisor of 70 and 7210?
70
What is the highest common factor of 26 and 36413?
13
Calculate the greatest common factor of 21 and 4816.
7
Calculate the highest common factor of 702 and 156.
78
Calculate the greatest common divisor of 6604 and 403.
13
What is the greatest common divisor of 220 and 10?
10
What is the greatest common factor of 114 and 354?
6
Calculate the greatest common divisor of 220 and 176.
44
What is the greatest common divisor of 506 and 66?
22
Calculate the highest common divisor of 20 and 36.
4
What is the greatest common divisor of 1272 and 72?
24
What is the highest common divisor of 143 and 13?
13
Calculate the highest common factor of 11444 and 4.
4
What is the highest common factor of 99 and 6?
3
Calculate the greatest common divisor of 70 and 710.
10
Calculate the greatest common factor of 40 and 56.
8
What is the highest common factor of 830 and 40?
10
Calculate the highest common factor of 9 and 1089.
9
What is the greatest common factor of 135 and 280?
5
What is the greatest common divisor of 745 and 5?
5
What is the highest common divisor of 6 and 618?
6
Calculate the greatest common divisor of 1273 and 38.
19
Calculate the highest common divisor of 14 and 385.
7
Calculate the greatest common factor of 280 and 112.
56
Calculate the highest common factor of 15 and 18885.
15
Calculate the highest common divisor of 169 and 26.
13
What is the highest common divisor of 4342 and 52?
26
Calculate the highest common factor of 214 and 72.
2
What is the highest common divisor of 438 and 1168?
146
What is the highest common factor of 224 and 28?
28
Calculate the highest common factor of 45 and 7935.
15
What is the greatest common divisor of 735 and 15?
15
What is the greatest common divisor of 84 and 2076?
12
Calculate the highest common divisor of 204 and 6.
6
Calculate the greatest common factor of 42 and 6.
6
Calculate the greatest common divisor of 465 and 14105.
155
Calculate the greatest common factor of 78 and 17823.
39
What is the highest common divisor of 288 and 1456?
16
What is the highest common factor of 5858 and 202?
202
What is the greatest common divisor of 940 and 188?
188
What is the highest common divisor of 20801 and 33?
11
Calculate the highest common divisor of 3 and 31.
1
What is the greatest common factor of 48 and 2352?
48
Calculate the greatest common divisor of 774 and 18.
18
Calculate the highest common factor of 6685 and 35.
35
What is the highest common factor of 58 and 5162?
58
Calculate the highest common divisor of 287 and 91.
7
Calculate the greatest common factor of 187 and 5379.
11
Calculate the highest common factor of 1362 and 6.
6
Calculate the greatest common factor of 1 and 29.
1
Calculate the highest common factor of 1056 and 34144.
352
Calculate the greatest common divisor of 42 and 6195.
21
Calculate the greatest common divisor of 3 and 4.
1
What is the highest common divisor of 2 and 71?
1
Calculate the highest common factor of 7 and 63.
7
What is the highest common factor of 855 and 135?
45
Calculate the greatest common factor of 98 and 2.
2
Calculate the greatest common divisor of 768 and 12.
12
Calculate the highest common factor of 1100 and 4620.
220
Calculate the highest common divisor of 896 and 1216.
64
Calculate the greatest common factor of 1053 and 6.
3
What is the highest common factor of 540 and 80?
20
What is the highest common factor of 2171 and 13?
13
What is the highest common factor of 90 and 2670?
30
What is the highest common divisor of 8918 and 26?
26
What is the greatest common divisor of 591 and 3?
3
Calculate the highest common factor of 64 and 6976.
64
Calculate the greatest common divisor of 4230 and 90.
90
What is the highest common factor of 238 and 56?
14
What is the highest common factor of 24 and 23608?
8
What is the greatest common factor of 1344 and 288?
96
What is the highest common factor of 210 and 7?
7
What is the greatest common divisor of 60 and 204?
12
What is the highest common divisor of 61 and 305?
61
Calculate the greatest common factor of 14 and 350.
14
Calculate the highest common divisor of 10437 and 98.
49
What is the greatest common factor of 6831 and 23?
23
Calculate the highest common factor of 2112 and 858.
66
What is the highest common divisor of 9711 and 78?
39
Calculate the highest common divisor of 894 and 84.
6
Calculate the highest common divisor of 124 and 4.
4
What is the highest common factor of 21175 and 525?
175
What is the highest common divisor of 13 and 5?
1
Calculate the highest common divisor of 64 and 1376.
32
What is the highest common divisor of 9 and 93?
3
What is the greatest common divisor of 114 and 1178?
38
Calculate the greatest common divisor of 152 and 38.
38
Calculate the highest common divisor of 2 and 5.
1
What is the highest common divisor of 77 and 35?
7
What is the greatest common factor of 3 and 29?
1
Calculate the greatest common divisor of 3162 and 408.
102
Calculate the greatest common factor of 492 and 12.
12
What is the highest common divisor of 180 and 12660?
60
Calculate the highest common factor of 20300 and 116.
116
What is the highest common factor of 880 and 308?
44
What is the highest common divisor of 64 and 1408?
64
What is the highest common divisor of 4540 and 20?
20
What is the highest common factor of 5 and 800?
5
Calculate the highest common divisor of 11 and 583.
11
Calculate the greatest common factor of 400 and 64.
16
Calculate the highest common factor of 66 and 11979.
33
Calculate the greatest common divisor of 1677 and 39.
39
Calculate the greatest common divisor of 198 and 342.
18
What is the highest common divisor of 232 and 1276?
116
Calculate the highest common divisor of 115 and 40.
5
What is the greatest common divisor of 25 and 425?
25
What is the g